000086210?
False
Is 190700761 a multiple of 1541?
False
Is 64900515 a multiple of 4?
False
Is 81 a factor of 125911665?
True
Does 32 divide 28522464?
True
Is 270 a factor of 349450671?
False
Does 286 divide 707850?
True
Does 10 divide 11517720?
True
Is 503 a factor of 496070892?
False
Is 26 a factor of 27363648?
True
Is 1736804 a multiple of 6?
False
Is 74 a factor of 89144448?
False
Is 16 a factor of 22988465?
False
Does 1322 divide 99304674?
True
Is 59637776 a multiple of 170?
False
Does 293 divide 662635322?
True
Is 94988131 a multiple of 1298?
False
Is 92 a factor of 95667380?
False
Is 73 a factor of 2578679558?
False
Does 134 divide 28796607?
False
Is 44389383 a multiple of 17?
False
Is 3446 a factor of 1130784224?
True
Does 2497 divide 1292771810?
True
Does 26 divide 474540?
False
Is 1340306 even?
True
Is 25227155 a multiple of 77?
False
Is 224627082 a multiple of 12?
False
Does 658 divide 46715352?
False
Is 29979862 a multiple of 22?
True
Is 35 a factor of 108308060?
True
Is 157 a factor of 21337434?
False
Is 4 a factor of 173856?
True
Is 184 a factor of 90422384?
True
Is 149 a factor of 20644546?
True
Is 198 a factor of 137000469?
False
Does 106 divide 14444938?
True
Is 766 a factor of 17250320?
True
Does 76 divide 101692028?
True
Is 2412 a factor of 170351157?
False
Does 679 divide 176591589?
False
Is 304 a factor of 10030176?
True
Is 30 a factor of 145161780?
True
Is 4399867 a multiple of 17?
False
Is 636778772 a multiple of 14?
True
Does 29 divide 5296418336?
False
Is 477 a factor of 610568548?
False
Does 4694 divide 4005685922?
True
Is 13296934 a multiple of 96?
False
Is 579 a factor of 166520231?
False
Is 24 a factor of 20441247?
False
Is 39911352 a multiple of 8?
True
Is 2772823508 a multiple of 9519?
False
Is 5 a factor of 6074703?
False
Is 69189654 a multiple of 177?
True
Is 632396 a multiple of 14?
False
Does 49 divide 72403184?
True
Is 92 a factor of 98153480?
False
Is 5147 a factor of 277901971?
True
Is 1697 a factor of 1777773843?
False
Is 6 a factor of 41317739?
False
Is 547846382 a multiple of 400?
False
Is 15 a factor of 115550080?
False
Is 6 a factor of 19747873?
False
Does 297 divide 32589810?
True
Does 4 divide 105061?
False
Is 131 a factor of 10762698?
True
Is 175951024 a multiple of 55?
False
Is 6 a factor of 519086440?
False
Does 303 divide 383598000?
True
Does 9 divide 255235436?
False
Does 790 divide 25889616?
False
Does 1545 divide 1102246560?
False
Is 1342 a factor of 1211651687?
False
Is 33 a factor of 113347839?
True
Is 12576004 a multiple of 148?
True
Is 201079857 a multiple of 167?
True
Is 32 a factor of 26699933?
False
Is 5312527 a multiple of 2?
False
Is 365853729 even?
False
Is 38 a factor of 13333288?
True
Does 12 divide 327195033?
False
Is 6 a factor of 132435536?
False
Is 107 a factor of 95051143?
False
Does 38 divide 978763492?
True
Does 110 divide 4053209710?
True
Is 1486 a factor of 131487224?
True
Is 587 a factor of 440949245?
False
Is 26 a factor of 147383992?
False
Is 494797173 a multiple of 26?
False
Is 2465989 a multiple of 5?
False
Is 4 a factor of 7254159?
False
Does 364 divide 86279648?
True
Is 4050 a factor of 175638582?
False
Does 13 divide 157343342?
True
Is 164191632 a multiple of 12?
True
Is 2866 a factor of 88268076?
False
Is 17063906 a multiple of 13?
False
Is 490907 a multiple of 11?
False
Is 71210286 a multiple of 189?
True
Is 156980048 a multiple of 157?
False
Is 1053 a factor of 8690904?
False
Is 15 a factor of 192088455?
True
Is 520 a factor of 731115565?
False
Is 118312782 a multiple of 42?
True
Is 653906072 a multiple of 153?
False
Is 1084 a factor of 232712835?
False
Is 4057 a factor of 268832007?
False
Does 71 divide 36472582?
False
Does 51 divide 21354862?
False
Does 24 divide 43990162?
False
Is 474347647 a multiple of 13?
False
Is 48026987 a multiple of 48?
False
Is 8363328 a multiple of 43?
True
Does 2020 divide 240725420?
True
Is 975 a factor of 2094430624?
False
Is 6 a factor of 4998855?
False
Does 10 divide 576964750?
True
Does 259 divide 98271593?
True
Is 45 a factor of 2029794023?
False
Does 202 divide 12624798?
True
Does 5 divide 13478448?
False
Does 22 divide 31114864?
True
Is 7187232 a multiple of 2704?
True
Is 1244859134 a multiple of 51?
False
Does 54 divide 492878952?
True
Does 36 divide 33356903?
False
Is 446 a factor of 547661686?
True
Is 257398094 a multiple of 17?
False
Is 172 a factor of 34589544?
True
Does 13 divide 27756327?
False
Does 89 divide 1639381401?
False
Is 35509311 a multiple of 1537?
True
Does 8 divide 961627754?
False
Does 699 divide 254569664?
False
Does 3 divide 133008824?
False
Is 31036802 a multiple of 499?
True
Is 559068674 a multiple of 273?
False
Is 3 a factor of 5076698?
False
Is 126 a factor of 2218356?
True
Does 1559 divide 177634854?
False
Is 17 a factor of 1008573989?
False
Does 81 divide 1339694316?
True
Is 63 a factor of 49194626?
False
Does 343 divide 5774805?
False
Is 5930 a factor of 585332976?
False
Is 137585570 a multiple of 10?
True
Does 86 divide 677036177?
False
Is 203075526 a multiple of 67?
True
Is 308487508 a multiple of 799?
True
Is 32975464 a multiple of 15?
False
Does 6660 divide 247985100?
True
Is 4703641 a multiple of 46?
False
Is 151307967 a multiple of 67?
False
Does 3 divide 392905799?
False
Is 275 a factor of 6044225?
True
Does 332 divide 502560684?
True
Is 42640163 even?
False
Does 16 divide 12652752?
True
Is 4008 a factor of 574776077?
False
Does 392 divide 5753939?
False
Is 36 a factor of 78507545?
False
Is 550629014 a multiple of 215?
False
Does 34 divide 1034543704?
True
Is 3 a factor of 121884?
True
Is 198 a factor of 3583701792?
True
Is 29 a factor of 4480615?
False
Is 186 a factor of 37139515?
False
Is 13646016 a multiple of 192?
True
Does 13 divide 14518084?
False
Does 702 divide 40230901?
False
Is 92774671 a multiple of 107?
True
Is 12470953 a multiple of 906?
False
Is 66130077 a multiple of 3?
True
Does 6 divide 495373938?
True
Is 1485 a factor of 599331268?
False
Is 17 a factor of 620526402?
False
Is 22 a factor of 133357326?
False
Does 239 divide 154572772?
True
Is 64491759 a multiple of 97?
False
Is 6629810 a multiple of 33?
False
Is 47 a factor of 979631315?
False
Is 10 a factor of 5428290?
True
Is 89 a factor of 65563363?
True
Does 113 divide 524020426?
False
Does 64 divide 314634024?
False
Is 489 a factor of 52546962?
True
Does 9 divide 2089334961?
True
Does 57 divide 2621348207?
False
Is 875575776 a multiple of 24?
True
Does 27 divide 171543906?
True
Does 7 divide 3323085045?
True
Does 21 divide 2958470172?
True
Is 105613317 a multiple of 9?
True
Is 61 a factor of 1505785?
True
Is 2656527800 a multiple of 25?
True
Is 1436429770 a multiple of 2799?
False
Does 3 divide 418787626?
False
Is 25 a factor of 17822798?
False
Is 23656054 a multiple of 30?
False
Does 9 divide 7325601?
False
Is 2 a factor of 130731331?
False
Is 13 a factor of 869756021?
False
Is 677 a factor of 114081270?
True
Does 13 divide 53167699?
True
Does 1435 divide 13645415?
True
Is 698313574 a multiple of 31?
False
Is 13065528 a multiple of 498?
True
Is 2337053972 a multiple of 7297?
True
Is 342353340 a multiple of 210?
True
Is 858 a factor of 35830938?
True
Does 8 divide 26215259?
False
Does 1811 divide 377776411?
True
Is 24112199 a multiple of 1226?
False
Is 592777740 a multiple of 555?
True
Is 76483890 a multiple of 14?
True
Is 10542 a factor of 204008784?
True
Is 2594607392 a multiple of 283?
True
Does 365 divide 384838952?
False
Is 680007887 a multiple of 19?
False
Does 121 divide 35317117?
True
Is 5 a factor of 413139780?
True
Is 174288592 a multiple of 23?
False
Does 9 divide 22768425?
True
Is 655 a factor of 2234978560?
False
Is 2444113238 a multiple of 694?
True
Is 25 a factor of 366105500?
True
Is 14158550 a multiple of 4006?
False
Is 1364590 a multiple of 17?
True
Does 22 divide 4599145146?
False
Is 9 a factor of 1316114523?
True
Is 1312 a factor of 4036652704?
True
Does 644 divide 818243372?
False
Is 1416 a factor of 27315250?
False
Is 274543936 a multiple of 2201?
True
Is 122 a factor of 63761000?
False
Is 209347138 a multiple of 22?
True
Does 8 divide 61384214?
False
Is 152033167 a multiple of 4147?
True
Is 61462950 a multiple of 806?
False
Does 82 divide 630601924?
False
Does 15 divide 1247685502?
False
Is 